a) = a**3 + a**2 + 1. Let f be y(-2). Let t(d) = -3*d**3 + 3*d**3 - 5*d**2 - 301772 - 5*d - 6*d**3 + 4*d**3 + 301768. Calculate t(f).
20
Let u(p) = 5*p**3 - 29*p**2 + 72*p - 66. Let i(g) = -g**3 - g**2 - 1. Let v(r) = 6*i(r) + u(r). What is v(-37)?
2
Suppose 2*g = -3*s + g + 8277, s + g - 2759 = 0. Let d(m) = -9 + 0 - 2760*m + s*m. Determine d(-10).
1
Suppose 0*v + v = 0, 4*y + v = -20. Let s(i) = -3*i**3 - 2*i**2 - 13*i - 3. Let m(x) = -10*x**3 - 4*x**2 - 42*x - 8. Let f(o) = 2*m(o) - 7*s(o). Calculate f(y).
-5
Let g(x) = x**2 - 2*x - 2. Suppose -3*c = -0*c + 15, 0 = 4*l - 5*c + 319. Let r = -88 - l. What is g(r)?
6
Let c(r) = 4*r**2 - 1. Suppose -f = 2*f. Suppose -4*y + y + 90 = f. Suppose -y*a - 6 = -33*a. Determine c(a).
15
Let q(a) be the third derivative of -a**5/60 - 5*a**4/24 + 47*a**3/6 - 1798*a**2. Calculate q(-11).
-19
Let l be -1 - (0 - (0 + -4)). Let a(m) be the second derivative of -m**3/6 - 5*m**2 + 2*m + 82. Give a(l).
-5
Let x(z) = -80*z + 29. Let k(w) = 346*w - 117. Let j(u) = -4*k(u) - 17*x(u). Give j(-5).
95
Let n(g) = -g**2 - 11*g + 2. Suppose f + 74 = 63. Let h be n(f). Let x(c) = 2*c**2 - 6*c + 6. Let k be x(h). Let m(v) = 4*v. Calculate m(k).
8
Let w = 6 + -1. Let z(d) be the third derivative of d**6/120 - d**5/12 - d**4/8 + d**3/6 + 307*d**2 + 92. Determine z(w).
-14
Let c(p) = -2 - 7*p**2 - 3*p**3 + 2*p**3 - 9 + 1 + 7*p. Let i be (60/105*42/4)/(3/(-4)). Determine c(i).
-2
Let q(f) = 10*f**3 + 2*f**2 - 4*f + 2. Suppose -20*t = 96*t - 116. What is q(t)?
10
Let z be (-30 - -10)*(-4)/8. Let o(m) = 2*m**3 - 22*m**2 + 19*m - 9. Let k(v) = 3*v**3 - 33*v**2 + 28*v - 13. Let i(d) = 5*k(d) - 8*o(d). Calculate i(z).
-13
Let v(h) be the first derivative of h**2/2 - 24*h + 17. Let d be v(24). Let q(s) = 246*s + s**2 - 4 - 251*s + d. Give q(7).
10
Suppose -84 = -2*t - 4*y, 4*t - 9*t + 3*y + 171 = 0. Let h(c) = c**3 - 8*c**2 + 8*c - 7. Let l be h(5). Let i = l + t. Let f(g) = g**3 + 6*g**2 - g. Give f(i).
6
Let p(r) be the first derivative of -r**3/3 + 4*r**2 - 9*r - 4. Let w = -131 - -170. Suppose w - 21 = 3*k. Calculate p(k).
3
Let x be (16/6)/4 - (-7)/3. Suppose -2*z - 3*s - 8 = 0, 5 - 3 = x*z + s. Let j(g) = 2*g**z + 3 + 3*g - 5*g + 7*g. Give j(-3).
6
Let f = -44747 - -44750. Let l(n) = 0 + 5 - 3 - 3*n. What is l(f)?
-7
Let d(f) = -f + 8. Let u be d(5). Suppose -5*o + 21 = -r, 4*o - r = 14 + u. Suppose o = -5*n - 26. Let b(v) = v + 2. Give b(n).
-4
Let j(d) = 12*d - 20. Let r be j(2). Let a(p) be the first derivative of -3*p**2 + 29*p + 181. What is a(r)?
5
Suppose 2 = 5*l + 7. Let r be 1*l/(-2)*10. Let i(g) = -84520 + 3*g - g**2 + 84515 + 2*g. Give i(r).
-5
Let a(q) = 282*q - 9. Let r be a(0). Let u(g) = 6*g + 28. What is u(r)?
-26
Let c(v) = -v**2 + 53*v - 192. Let z be -49*4/(5 - 9). What is c(z)?
4
Let d(g) = -g - 1. Suppose 20 = -6*k - 4*k. Let w(v) = 3*v + 4. Let u be w(k). Give d(u).
1
Let f(x) = 2*x**3 + 13*x**2 + 10*x + 28. Let w(b) = 95*b + 184. Let o be w(-2). Determine f(o).
4
Let u(h) = -h + 90. Let n be u(-13). Let v(p) = -4*p - n + 60 + 3*p + 56. Suppose -a - 3 = -9. Calculate v(a).
7
Suppose 356 = -16*o + 388. Let u(f) be the third derivative of 0*f - 1/3*f**3 + 1/60*f**5 - 6*f**o + 1/24*f**4 + 0. Determine u(-4).
10
Let h(v) = -v**3 + v**2 + v + 4. Let i = -4859 - -4859. What is h(i)?
4
Let l = 19369/20 - 4841/5. Let i(w) be the first derivative of -1/2*w**2 - 22 + l*w**4 + 2*w - 1/3*w**3. Give i(2).
4
Let x(h) = -h**2 + 27. Let f be (1541/92 - 18)/(2/(-8)). Calculate x(f).
2
Let j(v) = -26 - 12*v + 17*v - 9*v - 3 - 2*v. Calculate j(-4).
-5
Let j(r) = -13*r + 1. Let y(t) = -8*t**2 + 25*t + 14. Let i(b) = -4*b**2 + 12*b + 8. Let m(g) = -5*i(g) + 3*y(g). Let h be m(4). Calculate j(h).
27
Let a(z) = -62*z - 12*z + 15*z**2 + 14 + 75*z + z**3. Calculate a(-15).
-1
Let q(a) = 5*a**2 - a. Let i(u) be the third derivative of -42*u**2 + 0*u + 1/60*u**5 + 0 + 1/8*u**4 - u**3. Let d be i(-4). Give q(d).
22
Let l(j) be the second derivative of j**4/12 - 7*j**3/3 - 15*j**2/2 - 7*j. Let u be l(16). Let b(g) = -2*g - g + u*g**2 - 2 - g - 22*g**2 - g**3. Give b(-3).
-8
Let a(i) = 38*i - 295. Let w(z) = -11*z + 86. Let j(r) = -5*a(r) - 17*w(r). Give j(2).
7
Let s be 10*(9/(-12) + 10/8). Let i be ((-8)/6)/(s/135*6). Let g(p) = 3*p - 4. Let b(r) = -16*r + 21. Let n(k) = 2*b(k) + 11*g(k). Give n(i).
-8
Let q(p) = 6*p - 2 - 2 + 3. Suppose -6 = -4*o - h + 2, 0 = 4*o - 5*h + 16. Suppose -5*x + 6*x = o, 2 = -b + x. Calculate q(b).
-7
Let r(t) = t**3 + 22*t**2 + 18*t - 56. Suppose 32*c + 95*c + 4474 = 1807. Give r(c).
7
Let i = 62 - 59. Suppose -1 = 3*o + 3*t + 2, i*o + 27 = 3*t. Let d(p) = 6*p + 1. Let q(j) = 7*j. Let r(a) = -4*d(a) + 3*q(a). Give r(o).
11
Let u(x) be the second derivative of -11/2*x**2 - 1/2*x**3 + 0 - 135*x. What is u(-4)?
1
Let d(b) be the first derivative of 5*b**4/2 + 2*b**3/3 - 3*b**2/2 + 178. Calculate d(2).
82
Suppose z + 5*p - 8 = 0, -4*z + 19 = 2*p + 59. Let k(b) = -b**2 - 17*b - 22. Give k(z).
38
Let x(b) = 3 + 13*b - 14*b - 3. Let o be 4/(-28) - 88/(-28). Let g be (2/o)/((-2)/(-6)). Give x(g).
-2
Suppose 0 = 3*p - 2*v - 27, -405*v = 5*p - 403*v - 29. Let d(y) = -15*y + 86. What is d(p)?
-19
Suppose 0 = 11*y + 117 - 722. Suppose -51*q + y*q + 16 = 0. Let m(s) = s**2 + 2*s - 3. What is m(q)?
5
Let j(a) = -a**2 + 19*a + 127. Suppose 0 = -4*z + 2*c + 98, -62*c + 66*c = -3*z + 68. Calculate j(z).
7
Suppose 2*a + 2 = 3*x - 4, -2*a - 5*x = -26. Let w(g) = -766 + 4*g + 2*g**2 + 768 - a*g**2. Give w(6).
-10
Suppose -3*x - j - 1 = -2, -2*j = 4. Let d(m) be the second derivative of 19*m**4/24 - 9*m**2 + 7*m. Let k(s) be the first derivative of d(s). Give k(x).
19
Let q = 0 + 0. Let y(t) = 7*t - 55. Let l(j) = 5*j - 41. Let u(o) = -11*l(o) + 8*y(o). Determine u(q).
11
Suppose -68*l + 21*l = -282. Let y(o) = -14*o + 29. Let f(s) = 13*s - 28. Let c(w) = l*y(w) + 7*f(w). Calculate c(4).
6
Let o(t) be the second derivative of 2/3*t**3 + 50 + 1/4*t**4 + t**2 + t. Give o(-2).
6
Let f = 218 - 211. Let o(b) = -9 - b - b**3 - 8 + 7*b**2 - 11 + 33. Give o(f).
-2
Let l be -11 + (-5 + (-27)/9)/(-1). Let j(w) = 2*w**3 + 4*w**2 - 2*w + 3. Determine j(l).
-9
Let c(h) = -12*h**2 - 7*h + 13. Let x(d) = 2*d**2 + 2*d - 3. Let b(o) = -c(o) - 5*x(o). Give b(3).
11
Suppose 314*r + 144 = 278*r. Let d(l) = l**3 + 3*l**2 - 2*l + 9. Determine d(r).
1
Let u be (-451)/(-123) - 4/6. Suppose 1 = -t + u*i, t - 50*i + 49*i + 1 = 0. Let j(h) = 47*h - 1. Give j(t).
-48
Let n = -29110 + 29115. Let i(j) = -2*j**2 + 24*j - 65. Calculate i(n).
5
Suppose 3*a - 2 = w - 6*w, 4*w = -4*a + 8. Let d be ((2/(-4))/((-1)/(-8)))/w. Let g(j) = j**d - 2*j**2 + 0*j**2 + 2 - 1 - 3*j. Give g(-5).
-9
Let u = 28248 - 28269. Let p(h) = -h**2 - 22*h - 62. Calculate p(u).
-41
Let f(u) = -u + 11 - 2*u - 9. Let a(m) = 16*m - 10. Let l = -411 - -409. Let r(h) = l*a(h) - 11*f(h). Calculate r(0).
-2
Let m = -1545 - -1551. Let n(h) = 5*h**3 - 41*h**2 - 39*h + 56. Let a(f) = -f**3 + 8*f**2 + 8*f - 11. Let t(q) = 11*a(q) + 2*n(q). What is t(m)?
51
Let i be (-18)/3*(-3)/3. Let y(h) be the first derivative of -h**5/20 + 7*h**4/12 - 7*h**3/6 + 20*h + 2. Let q(f) be the first derivative of y(f). Give q(i).
-6
Suppose -5*s + 38 = -3*a, -3*s = -a + 13 - 39. Let i(o) = s*o + 191 + o**2 - 190 - o. Determine i(-9).
1
Let b(r) = -2*r - 15. Let z = 2640 - 2655. Calculate b(z).
15
Let m(h) = 3*h + 168. Let s(b) = -27. Let q(u) = -m(u) - 6*s(u). Determine q(-1).
-3
Let t(q) = -6*q**2 + 13610 - 13549 + 5*q**2 - 3*q. Calculate t(6).
7
Let z = -42 - -33. Let f be 63/z*(-2)/7. Let b(n) = 2*n**f - n**2 - 3*n + 8 - 6. What is b(3)?
2
Let o(q) be the third derivative of 0*q - 5/12*q**4 - 2 + 1/3*q**3 - 22*q**2 + 1/10*q**5 - 1/120*q**6. Calculate o(4).
-6
Let b(f) = 13*f - 31. Suppose 0 = -93*o - 198 + 663. What is b(o)?
34
Let o(w) = -w**3 - 4*w**2 - 11*w + 4. Suppose 110*g = 121*g + 44. Let d(l) = 0*l**2 + l**2 - 1 - l + 2. Let t(n) = g*d(n) + o(n). Give t(-7).
0
Let z(l) = l**3 + 9*l**2. Let g be z(-9). Suppose g = -w + n + 9, 3*n - 6 + 51 = 5*w. Let r(a) = a**2 - 11*a + 7. Give r(w).
-11
Let g(f) be the third derivative of -f**5/60 - f**4/3 - 3*f**3/2 + 5*f**2. Suppose -120*o + 110*o - 60 = 0. Determine g(o).
3
Suppose 0 = -583*c + 634*c - 357. Let i(j) = -2*j**2 + 26*j - 86. What is i(c)?
-2
Su